.
11
Calculate the remainder when 93 is divided by 14.
9
Calculate the remainder when 656 is divided by 13.
6
What is the remainder when 151 is divided by 25?
1
What is the remainder when 763 is divided by 55?
48
What is the remainder when 395 is divided by 21?
17
What is the remainder when 215 is divided by 70?
5
What is the remainder when 168 is divided by 95?
73
What is the remainder when 926 is divided by 41?
24
What is the remainder when 156 is divided by 125?
31
What is the remainder when 34 is divided by 12?
10
Calculate the remainder when 817 is divided by 41.
38
What is the remainder when 2400 is divided by 599?
4
What is the remainder when 31 is divided by 6?
1
What is the remainder when 23 is divided by 7?
2
What is the remainder when 468 is divided by 79?
73
Calculate the remainder when 28 is divided by 17.
11
Calculate the remainder when 1750 is divided by 17.
16
Calculate the remainder when 79 is divided by 8.
7
What is the remainder when 48 is divided by 7?
6
Calculate the remainder when 1275 is divided by 10.
5
What is the remainder when 230 is divided by 11?
10
Calculate the remainder when 36007 is divided by 56.
55
Calculate the remainder when 39 is divided by 34.
5
Calculate the remainder when 263 is divided by 33.
32
Calculate the remainder when 227 is divided by 102.
23
Calculate the remainder when 1173 is divided by 49.
46
Calculate the remainder when 5077 is divided by 42.
37
What is the remainder when 66 is divided by 24?
18
Calculate the remainder when 163 is divided by 84.
79
Calculate the remainder when 69 is divided by 9.
6
Calculate the remainder when 816 is divided by 117.
114
What is the remainder when 135 is divided by 132?
3
Calculate the remainder when 1931 is divided by 7.
6
What is the remainder when 65 is divided by 28?
9
What is the remainder when 3644 is divided by 244?
228
What is the remainder when 268 is divided by 21?
16
What is the remainder when 431 is divided by 150?
131
Calculate the remainder when 15711 is divided by 54.
51
Calculate the remainder when 304 is divided by 51.
49
What is the remainder when 768 is divided by 425?
343
Calculate the remainder when 1070 is divided by 25.
20
What is the remainder when 232 is divided by 48?
40
Calculate the remainder when 308 is divided by 21.
14
Calculate the remainder when 1563 is divided by 23.
22
What is the remainder when 693 is divided by 58?
55
Calculate the remainder when 786 is divided by 17.
4
What is the remainder when 1190 is divided by 133?
126
What is the remainder when 130 is divided by 39?
13
What is the remainder when 3883 is divided by 105?
103
Calculate the remainder when 34 is divided by 27.
7
What is the remainder when 2853 is divided by 14?
11
What is the remainder when 2412 is divided by 39?
33
What is the remainder when 1207 is divided by 101?
96
Calculate the remainder when 926 is divided by 455.
16
Calculate the remainder when 628 is divided by 106.
98
What is the remainder when 171 is divided by 35?
31
What is the remainder when 580 is divided by 13?
8
What is the remainder when 296 is divided by 27?
26
Calculate the remainder when 280 is divided by 46.
4
What is the remainder when 22 is divided by 3?
1
Calculate the remainder when 146 is divided by 30.
26
What is the remainder when 154 is divided by 4?
2
Calculate the remainder when 346 is divided by 310.
36
Calculate the remainder when 28597 is divided by 104.
101
What is the remainder when 477 is divided by 124?
105
What is the remainder when 163 is divided by 44?
31
Calculate the remainder when 171 is divided by 61.
49
Calculate the remainder when 217 is divided by 20.
17
Calculate the remainder when 266 is divided by 27.
23
Calculate the remainder when 392 is divided by 75.
17
Calculate the remainder when 44 is divided by 32.
12
What is the remainder when 1108 is divided by 1097?
11
What is the remainder when 72 is divided by 27?
18
What is the remainder when 199 is divided by 31?
13
What is the remainder when 1198 is divided by 120?
118
What is the remainder when 424 is divided by 33?
28
What is the remainder when 416 is divided by 68?
8
What is the remainder when 184 is divided by 47?
43
Calculate the remainder when 285 is divided by 139.
7
What is the remainder when 1266 is divided by 29?
19
What is the remainder when 142 is divided by 9?
7
Calculate the remainder when 46 is divided by 12.
10
What is the remainder when 3247 is divided by 14?
13
Calculate the remainder when 7195 is divided by 257.
256
Calculate the remainder when 299 is divided by 20.
19
What is the remainder when 3440 is divided by 1146?
2
Calculate the remainder when 1943 is divided by 27.
26
What is the remainder when 219 is divided by 125?
94
What is the remainder when 338 is divided by 11?
8
What is the remainder when 319 is divided by 27?
22
Calculate the remainder when 388 is divided by 196.
192
Calculate the remainder when 1249 is divided by 66.
61
What is the remainder when 74 is divided by 42?
32
Calculate the remainder when 78 is divided by 20.
18
What is the remainder when 87 is divided by 8?
7
Calculate the remainder when 472 is divided by 81.
67
What is the remainder when 171 is divided by 35?
31
Calculate the remainder when 505 is divided by 23.
22
Calculate the remainder when 124 is divided by 6.
4
What is the remainder when 223 is divided by 16?
15
Calculate the remainder when 1500 is divided by 492.
24
What is the remainder when 971 is divided by 27?
26
What is the remainder when 1013 is divided by 146?
137
Calculate the remainder when 30 is divided by 11.
8
Calculate the remainder when 3298 is divided by 118.
112
Calculate the remainder when 279 is divided by 158.
121
What is the remainder when 375 is divided by 10?
5
Calculate the remainder when 176 is divided by 45.
41
Calculate the remainder when 149 is divided by 75.
74
Calculate the remainder when 106 is divided by 24.
10
Calculate the remainder when 844 is divided by 60.
4
What is the remainder when 640 is divided by 208?
16
Calculate the remainder when 1419 is divided by 7.
5
Calculate the remainder when 994 is divided by 40.
34
Calculate the remainder when 1134 is divided by 128.
110
What is the remainder when 41 is divided by 21?
20
Calculate the remainder when 88 is divided by 51.
37
Calculate the remainder when 605 is divided by 16.
13
Calculate the remainder when 596 is divided by 23.
21
Calculate the remainder when 516 is divided by 66.
54
Calculate the remainder when 48687 is divided by 18.
15
What is the remainder when 324 is divided by 41?
37
Calculate the remainder when 933 is divided by 69.
36
What is the remainder when 59 is divided by 18?
5
What is the remainder when 30 is divided by 7?
2
What is the remainder when 88 is divided by 38?
12
What is the remainder when 287 is divided by 36?
35
What is the remainder when 1908 is divided by 213?
204
Calculate the remainder when 43 is divided by 30.
13
Calculate the remainder when 898 is divided by 222.
10
Calculate the remainder when 1019 is divided by 93.
89
Calculate the remainder when 180 is divided by 128.
52
What is the remainder when 359 is divided by 176?
7
Calculate the remainder when 103 is divided by 23.
11
Calculate the remainder when 19269 is divided by 66.
63
Calculate the remainder when 237 is divided by 33.
6
Calculate the remainder when 138 is divided by 37.
27
Calculate the remainder when 965 is divided by 208.
133
What is the remainder when 75 is divided by 57?
18
Calculate the remainder when 85 is divided by 22.
19
Calculate the remainder when 136 is divided by 39.
19
What is the remainder when 36 is divided by 16?
4
Calculate the remainder when 45 is divided by 2.
1
What is the remainder when 384 is divided by 43?
40
Calculate the remainder when 2024 is divided by 408.
392
What is the remainder when 123 is divided by 52?
19
What is the remainder when 64 is divided by 20?
4
What is the remainder when 61 is divided by 29?
3
What is the remainder when 39 is divided by 12?
3
What is the remainder when 173 is divided by 155?
18
Calculate the remainder when 126 is divided by 89.
37
Calculate the remainder when 4047 is divided by 81.
78
Calculate the remainder when 555 is divided by 62.
59
What is the remainder when 102 is divided by 15?
12
Calculate the 